 - 3*u. Let h = y - 150. Suppose 4*z + p + 56 = 7*z, 3*p - 48 = -3*z. Calculate the remainder when h is divided by z.
15
Calculate the remainder when (0 + -1)*(-48 - (0 - 0)) is divided by 21.
6
What is the remainder when ((-8)/(-6))/(4/72) is divided by 14?
10
Let d(q) = q - 9. Let i be d(7). What is the remainder when 28 is divided by (i - -5) + 1*7?
8
Let d = -12 + 20. What is the remainder when d is divided by (2 + -3)*2 - -7?
3
Let g(y) = -2*y**2 + 31*y - 11. Suppose -3*q - 6 - 6 = 0, 22 = u - 4*q. Calculate the remainder when u is divided by g(15).
2
Let v = -10 - -24. What is the remainder when v is divided by 8?
6
Suppose 59 = 4*j - 13. Calculate the remainder when j is divided by 14.
4
Let x = 155 + -88. Calculate the remainder when x is divided by 18.
13
Let t(f) = -f**2 - 2*f - 1. Let g be t(-1). Suppose y + 0*y - 15 = g. Suppose 5*n + 0*n - 40 = 0. Calculate the remainder when y is divided by n.
7
Suppose 60 = 4*t - 5*d - 26, 128 = 5*t + 4*d. Calculate the remainder when t is divided by 5.
4
Let f(m) = -2*m**3 + 0*m**3 - 13 - 7*m + 3*m**3 - 10*m**2. What is the remainder when f(11) is divided by 8?
7
Suppose 30*x - 35*x = 25. Let w(g) = -g**3 - 4*g**2 + 5*g + 7. Calculate the remainder when 19 is divided by w(x).
5
Let g be 0/(0 + 1 + 0). What is the remainder when 42 is divided by 2/(g + 2/11)?
9
Suppose 2*h - 132 = -2*p, -p = h + p - 71. What is the remainder when h is divided by 31?
30
Suppose -4*m = -10 - 2. Calculate the remainder when 7 is divided by m.
1
Let i(y) be the first derivative of 2*y**3/3 - 4*y**2 + 13*y - 4. Calculate the remainder when i(6) is divided by 20.
17
Let v(f) = f - 3. Let g be (1 + -2)*(-9 - -3). Let z be v(g). What is the remainder when 9 is divided by (-6)/(2/((-4)/z))?
1
Let a be (-1 + (-3)/(-5))*15. Let v = a - -18. Suppose 2*w = 4*w - 70. Calculate the remainder when w is divided by v.
11
Let t(u) = u**3 - 8*u**2 - 5*u - 2. Calculate the remainder when 134 is divided by t(9).
32
Let y(a) = a**2 + 7*a - 5. Let f be y(-8). Suppose f*u + u - 284 = 0. What is the remainder when u is divided by 18?
17
Let b be 470/6 + 8/12. Suppose -3*z - 5*c = -b - 8, 4*c + 58 = 2*z. Calculate the remainder when z is divided by 10.
9
Calculate the remainder when 2/3*(-156)/(-8) is divided by 9.
4
Calculate the remainder when 52 is divided by ((-11)/2)/(4 - 9/2).
8
Let v(i) = i**3 + i**2 + i + 16. Let g be (2/3)/((-6)/(-9)). Calculate the remainder when 46/(-4)*(g + -5) is divided by v(0).
14
Suppose -u = i - 3 - 4, 0 = -3*i + 15. Let h(n) = 34*n - 5. Calculate the remainder when h(u) is divided by 16.
15
Let x = -1 + 106. What is the remainder when x is divided by 9?
6
Let k = 73 + -12. Calculate the remainder when k is divided by 16.
13
Suppose -5*p = -0*p - 55. Let f = 267 - 261. What is the remainder when p is divided by f?
5
Suppose 0 = 5*f - 3*c - 15, -4*c + 14 = 3*f - 4*f. Suppose 6 - 30 = -2*q. Let v = q + -2. What is the remainder when v is divided by f?
4
Suppose -4*x = -4*i - x + 100, 0 = 3*i - 5*x - 75. What is the remainder when 73 is divided by i?
23
Let f(y) = y**2 + 7*y + 4. Let n be f(-7). Suppose -2*i + 32 = -n*h, -4*i = h - 13 - 15. Calculate the remainder when 31 is divided by i.
7
Suppose 4*i = 3*v - 88, 0 - 5 = -i. Calculate the remainder when 105 is divided by v.
33
What is the remainder when 115 is divided by 5 + (-11)/((-11)/10)?
10
Let s(c) = -c**3 - 7*c**2 + 2. Let l = 4 - 10. Let n be s(l). Let g = 49 + n. What is the remainder when g is divided by 6?
3
What is the remainder when 45 is divided by ((-15)/(-10))/((-2)/(-32))?
21
Let z(q) = q + 46. Let t(l) = -l - 7. Let y be t(-9). Suppose -2*g + f + 4 = -f, 0 = 3*g - f - y. Calculate the remainder when z(g) is divided by 12.
10
Suppose -12 = -4*f, 8*o + 30 = 3*o + 5*f. Let x be ((-20)/3)/(1/o). Calculate the remainder when 22 is divided by x/6*(-24)/(-10).
6
Let i(u) = -u + 2. Calculate the remainder when 9 is divided by i(-3).
4
Suppose -p - p = -46. Suppose 5*b + 3 = f, -3*f - 2*b - 66 = 2*f. Let l = p + f. What is the remainder when l is divided by 4?
3
Suppose -2*c - 6 = -3*c. Let g = -5 + 8. What is the remainder when c is divided by g?
0
Suppose -5*l - 2 = 18. Let k = -4 - l. Let j = 17 + k. Calculate the remainder when j is divided by 6.
5
Let d(c) = c + 20. Calculate the remainder when 22 is divided by d(-8).
10
Suppose 146 = 7*t + 6. What is the remainder when t is divided by 11?
9
Let h(v) = -v + 5. Let y = 2 - 2. Let m = 2 - 0. Calculate the remainder when h(y) is divided by m.
1
Let u = 12 - 8. Suppose -2*w - w - 9 = -4*l, 0 = -3*w - 9. What is the remainder when -1*(-8 + l - -1) is divided by u?
3
Suppose 4*h - 190 = -62. Let y(g) = -g + 6. Let x be y(7). What is the remainder when h is divided by -1*12/x + -1?
10
Suppose 2*y = -3*k + 144, 2*y + y = -k + 41. Let w be (4 + -2)/(4/k). Suppose -m - 24 = -2*c + m, 2*c - w = m. Calculate the remainder when c is divided by 5.
3
Let n(q) = -23*q**3 + q**2. What is the remainder when n(-1) is divided by 13?
11
Suppose 3*d = 4 + 2. Suppose d = 5*n - 18. Let x = 28 + -18. What is the remainder when x is divided by n?
2
Calculate the remainder when 38 is divided by (10/(-6))/((-4)/24).
8
Let v(y) = y - 7. Calculate the remainder when v(12) is divided by 4.
1
Let y(l) = -4*l**3 - l**2 - 2*l + 3. Calculate the remainder when 174 is divided by y(-2).
34
Suppose 0 = 2*p - 4*p + 162. Suppose -4*f - 41 = -3*k + 2*k, -2*k + 47 = -f. What is the remainder when p is divided by k?
18
Suppose -5*c + 155 = -n - 2*n, 5*n + 145 = 5*c. What is the remainder when c is divided by 13?
8
Let x = 16 + -9. Let l(h) = 3*h - 9. Let k be l(6). Suppose -22 = -c - k. What is the remainder when c is divided by x?
6
Let i = 12 + -5. What is the remainder when i is divided by 5?
2
Suppose -2*b = -35 - 1. Let o = 28 - b. Suppose 4*l = -l + 145. What is the remainder when l is divided by o?
9
Let c = 30 - 14. Calculate the remainder when (56/(-70))/(2/(-75)) is divided by c.
14
Suppose -2*s = 2*d + s - 4, d - 15 = 5*s. Suppose d*x = 3*n + 2*x, 5*n - 2*x - 9 = 0. Calculate the remainder when 17 is divided by n.
2
Let r(u) = 6*u**2 + u - 1. What is the remainder when 47 is divided by r(2)?
22
Suppose 0 = 5*x - p - 134, 3*x - 4*p = p + 98. What is the remainder when 44 is divided by x?
18
Let r = -2 - -8. Let f(q) be the second derivative of q**3/6 + q**2/2 - q. What is the remainder when f(9) is divided by r?
4
Calculate the remainder when (47/(-4))/((-2)/8) is divided by 16.
15
Suppose -3*q = 5*i - 123, 2*q - 82 = 3*i - 7*i. Let p(h) = 7*h. Calculate the remainder when q is divided by p(3).
20
Let z(f) = 3*f**2 + 4*f + 0 + 2*f**2 + f**3 + 2. Let q be z(-4). Let k = q - -28. What is the remainder when k is divided by 16?
14
Suppose 4*c - 3*i - 67 = 0, 8*c - 10 = 7*c + 3*i. What is the remainder when 92 is divided by c?
16
Let p(b) = b**3 - 8*b**2 + 8*b - 4. Let m = -3 + 5. Suppose -4*q = -y - 31, -2*y + 27 = 5*q - m. What is the remainder when 5 is divided by p(q)?
2
Let t(v) = v**2 + 6*v + 1. Let b be t(-5). Suppose 2*q + 1 = 3*c, 3*q - c = -5*c - 10. What is the remainder when 7 is divided by 2/b*q - -3?
3
Let a = -5 + 11. Calculate the remainder when 15 is divided by a.
3
Let u = -6 - 48. Suppose -3*a + 14 + 79 = 0. What is the remainder when a is divided by 6/(-3 - u/16)?
15
Suppose -9*z + z + 184 = 0. What is the remainder when 64 is divided by z?
18
Let q(i) = 104*i**2 + 17*i + 17. Let v(d) = -35*d**2 - 6*d - 6. Let z(a) = 6*q(a) + 17*v(a). Calculate the remainder when z(-1) is divided by 8.
5
Calculate the remainder when 3/((-36)/24*2/(-62)) is divided by 34.
28
Let f = -16 + 22. Suppose -5*w + 4 = -3*w. Calculate the remainder when f is divided by w.
0
Let s(z) = -4 + 2 - 2 + z. Let q be s(4). Suppose -3*i + 52 = 2*m, i = -3*m - q*i + 78. What is the remainder when m is divided by 9?
8
Let t(r) = -r**2 + 8*r - 3. Let x = 4 - -20. Calculate the remainder when x is divided by t(6).
6
Let r = -33 + 37. Calculate the remainder when 9 is divided by r.
1
Let o(q) = 2*q. What is the remainder when 15 is divided by o(3)?
3
Let h = -23 + 66. Suppose 4*m - 24 = 72. Let d = 39 - m. Calculate the remainder when h is divided by d.
13
Let q = 77 - 60. What is the remainder when q is divided by 11?
6
What is the remainder wh